{"id":50627,"date":"2017-05-24T11:04:06","date_gmt":"2017-05-24T09:04:06","guid":{"rendered":"http:\/\/www.secowarwick.com\/info-center\/seminar-2017\/jaroslaw-talerzak\/"},"modified":"2018-08-27T11:39:06","modified_gmt":"2018-08-27T09:39:06","slug":"jaroslaw-talerzak","status":"publish","type":"page","link":"https:\/\/www.secowarwick.com\/de\/info-center\/jaroslaw-talerzak\/","title":{"rendered":"Jaros\u0142aw Talerzak"},"content":{"rendered":"<p>[et_pb_section bb_built=&#8220;1&#8243; admin_label=&#8220;section&#8220; transparent_background=&#8220;off&#8220; allow_player_pause=&#8220;off&#8220; inner_shadow=&#8220;off&#8220; parallax=&#8220;off&#8220; parallax_method=&#8220;on&#8220; custom_padding=&#8220;0px|||&#8220; make_fullwidth=&#8220;off&#8220; use_custom_width=&#8220;off&#8220; width_unit=&#8220;on&#8220; make_equal=&#8220;off&#8220; use_custom_gutter=&#8220;off&#8220; prev_background_color=&#8220;#000000&#8243; next_background_color=&#8220;#000000&#8243;][et_pb_row admin_label=&#8220;row&#8220; make_fullwidth=&#8220;off&#8220; use_custom_width=&#8220;off&#8220; width_unit=&#8220;on&#8220; use_custom_gutter=&#8220;off&#8220; custom_padding=&#8220;|||25px&#8220; custom_margin=&#8220;||45px|&#8220; background_color=&#8220;#f8f8f8&#8243; allow_player_pause=&#8220;off&#8220; parallax=&#8220;off&#8220; parallax_method=&#8220;on&#8220; make_equal=&#8220;off&#8220; parallax_1=&#8220;off&#8220; parallax_method_1=&#8220;off&#8220; background_position=&#8220;top_left&#8220; background_repeat=&#8220;repeat&#8220; background_size=&#8220;initial&#8220;][et_pb_column type=&#8220;4_4&#8243;][et_pb_breadcrumbs \/][et_pb_text background_layout=&#8220;light&#8220; text_orientation=&#8220;left&#8220; use_border_color=&#8220;off&#8220; border_color=&#8220;#ffffff&#8220; border_style=&#8220;solid&#8220; background_position=&#8220;top_left&#8220; background_repeat=&#8220;repeat&#8220; background_size=&#8220;initial&#8220;]<\/p>\n<h1>PRELEGENT<\/h1>\n<h2><\/h2>\n<h3><\/h3>\n<p>[\/et_pb_text][\/et_pb_column][\/et_pb_row][et_pb_row admin_label=&#8220;row&#8220; background_position=&#8220;top_left&#8220; background_repeat=&#8220;repeat&#8220; background_size=&#8220;initial&#8220;][et_pb_column type=&#8220;1_3&#8243;][et_pb_image admin_label=&#8220;Image&#8220; src=&#8220;https:\/\/www.secowarwick.com\/wp-content\/uploads\/2017\/05\/talerzak-1.jpg&#8220; use_border_color=&#8220;off&#8220; animation_style=&#8220;slide&#8220; animation_duration=&#8220;500ms&#8220; animation_intensity_slide=&#8220;10%&#8220; animation_direction=&#8220;left&#8220; _builder_version=&#8220;3.6&#8243; alt=&#8220;Jaroslaw Talerzak&#8220; \/][\/et_pb_column][et_pb_column type=&#8220;2_3&#8243;][et_pb_text use_border_color=&#8220;off&#8220; background_position=&#8220;top_left&#8220; background_repeat=&#8220;repeat&#8220; background_size=&#8220;initial&#8220; _builder_version=&#8220;3.6&#8243;]<\/p>\n<h2><span style=\"font-size: 14pt;\"><strong><span style=\"color: #dc291e;\">JAROS\u0141AW TALERZAK<\/span><\/strong><\/span><br \/>\n<span style=\"font-size: 14pt;\">VIZEPR\u00c4SIDENT, GESCH\u00c4FTSBEREICHE ATMOSPH\u00c4RE, SECO\/WARWICK S.A.<\/span><\/h2>\n<p>Jaroslaw Talerzak begann seine Karriere im Management bei SECO\/WARWICK S.A. bereits im Jahre 1998. Anfang 2011 wurde er als Pr\u00e4sident (Gesch\u00e4ftsf\u00fchrer) bei Elterma S.A. (sp\u00e4ter in SECO\/WARWICK Thermal S.A. umbenannt und heute in der SECO\/WARWICK Europe S.A., integriert) berufen und war in dieser Position bis Ende 2012 t\u00e4tig. Im Januar 2013 wurde er in den Vorstand der SECO\/WARWICK Gruppe berufen und ist dort als Exekutiver Vizepr\u00e4sident f\u00fcr die globalen Gech\u00e4ftsbereiche Atmosph\u00e4rentechnik (ATM) zust\u00e4ndig.<\/p>\n<p>[\/et_pb_text][\/et_pb_column][\/et_pb_row][\/et_pb_section]<\/p>\n","protected":false},"excerpt":{"rendered":"<p>[et_pb_breadcrumbs \/] PRELEGENT JAROS\u0141AW TALERZAK VIZEPR\u00c4SIDENT, GESCH\u00c4FTSBEREICHE ATMOSPH\u00c4RE, SECO\/WARWICK S.A. Jaroslaw Talerzak begann seine Karriere im Management bei SECO\/WARWICK S.A. bereits im Jahre 1998. Anfang 2011 wurde er als Pr\u00e4sident (Gesch\u00e4ftsf\u00fchrer) bei Elterma S.A. (sp\u00e4ter in SECO\/WARWICK Thermal S.A. umbenannt und heute in der SECO\/WARWICK Europe S.A., integriert) berufen und war in dieser Position bis [&hellip;]<\/p>\n","protected":false},"author":2,"featured_media":0,"parent":7296,"menu_order":0,"comment_status":"closed","ping_status":"closed","template":"","meta":{"_acf_changed":false,"_et_pb_use_builder":"on","_et_pb_old_content":"","_et_gb_content_width":"","footnotes":""},"class_list":["post-50627","page","type-page","status-publish"],"acf":[],"_links":{"self":[{"href":"https:\/\/www.secowarwick.com\/de\/wp-json\/wp\/v2\/pages\/50627","targetHints":{"allow":["GET"]}}],"collection":[{"href":"https:\/\/www.secowarwick.com\/de\/wp-json\/wp\/v2\/pages"}],"about":[{"href":"https:\/\/www.secowarwick.com\/de\/wp-json\/wp\/v2\/types\/page"}],"author":[{"embeddable":true,"href":"https:\/\/www.secowarwick.com\/de\/wp-json\/wp\/v2\/users\/2"}],"replies":[{"embeddable":true,"href":"https:\/\/www.secowarwick.com\/de\/wp-json\/wp\/v2\/comments?post=50627"}],"version-history":[{"count":0,"href":"https:\/\/www.secowarwick.com\/de\/wp-json\/wp\/v2\/pages\/50627\/revisions"}],"up":[{"embeddable":true,"href":"https:\/\/www.secowarwick.com\/de\/wp-json\/wp\/v2\/pages\/7296"}],"wp:attachment":[{"href":"https:\/\/www.secowarwick.com\/de\/wp-json\/wp\/v2\/media?parent=50627"}],"curies":[{"name":"wp","href":"https:\/\/api.w.org\/{rel}","templated":true}]}}

Jarosław Talerzak

<p>[et_pb_section bb_built=&#8220;1&#8243; admin_label=&#8220;section&#8220; transparent_background=&#8220;off&#8220; allow_player_pause=&#8220;off&#8220; inner_shadow=&#8220;off&#8220; parallax=&#8220;off&#8220; parallax_method=&#8220;on&#8220; custom_padding=&#8220;0px|||&#8220; make_fullwidth=&#8220;off&#8220; use_custom_width=&#8220;off&#8220; width_unit=&#8220;on&#8220; make_equal=&#8220;off&#8220; use_custom_gutter=&#8220;off&#8220; prev_background_color=&#8220;#000000&#8243; next_background_color=&#8220;#000000&#8243;][et_pb_row admin_label=&#8220;row&#8220; make_fullwidth=&#8220;off&#8220; use_custom_width=&#8220;off&#8220; width_unit=&#8220;on&#8220; use_custom_gutter=&#8220;off&#8220; custom_padding=&#8220;|||25px&#8220; custom_margin=&#8220;||45px|&#8220; background_color=&#8220;#f8f8f8&#8243; allow_player_pause=&#8220;off&#8220; parallax=&#8220;off&#8220; parallax_method=&#8220;on&#8220; make_equal=&#8220;off&#8220; parallax_1=&#8220;off&#8220; parallax_method_1=&#8220;off&#8220; background_position=&#8220;top_left&#8220; background_repeat=&#8220;repeat&#8220; background_size=&#8220;initial&#8220;][et_pb_column type=&#8220;4_4&#8243;][et_pb_breadcrumbs /][et_pb_text background_layout=&#8220;light&#8220; text_orientation=&#8220;left&#8220; use_border_color=&#8220;off&#8220; border_color=&#8220;#ffffff&#8220; border_style=&#8220;solid&#8220; background_position=&#8220;top_left&#8220; background_repeat=&#8220;repeat&#8220; background_size=&#8220;initial&#8220;]</p>
<h1>PRELEGENT</h1>
<h2></h2>
<h3></h3>
<p>[/et_pb_text][/et_pb_column][/et_pb_row][et_pb_row admin_label=&#8220;row&#8220; background_position=&#8220;top_left&#8220; background_repeat=&#8220;repeat&#8220; background_size=&#8220;initial&#8220;][et_pb_column type=&#8220;1_3&#8243;][et_pb_image admin_label=&#8220;Image&#8220; src=&#8220;https://www.secowarwick.com/wp-content/uploads/2017/05/talerzak-1.jpg&#8220; use_border_color=&#8220;off&#8220; animation_style=&#8220;slide&#8220; animation_duration=&#8220;500ms&#8220; animation_intensity_slide=&#8220;10%&#8220; animation_direction=&#8220;left&#8220; _builder_version=&#8220;3.6&#8243; alt=&#8220;Jaroslaw Talerzak&#8220; /][/et_pb_column][et_pb_column type=&#8220;2_3&#8243;][et_pb_text use_border_color=&#8220;off&#8220; background_position=&#8220;top_left&#8220; background_repeat=&#8220;repeat&#8220; background_size=&#8220;initial&#8220; _builder_version=&#8220;3.6&#8243;]</p>
<h2><span style="font-size: 14pt;"><strong><span style="color: #dc291e;">JAROSŁAW TALERZAK</span></strong></span><br />
<span style="font-size: 14pt;">VIZEPRÄSIDENT, GESCHÄFTSBEREICHE ATMOSPHÄRE, SECO/WARWICK S.A.</span></h2>
<p>Jaroslaw Talerzak begann seine Karriere im Management bei SECO/WARWICK S.A. bereits im Jahre 1998. Anfang 2011 wurde er als Präsident (Geschäftsführer) bei Elterma S.A. (später in SECO/WARWICK Thermal S.A. umbenannt und heute in der SECO/WARWICK Europe S.A., integriert) berufen und war in dieser Position bis Ende 2012 tätig. Im Januar 2013 wurde er in den Vorstand der SECO/WARWICK Gruppe berufen und ist dort als Exekutiver Vizepräsident für die globalen Gechäftsbereiche Atmosphärentechnik (ATM) zuständig.</p>
<p>[/et_pb_text][/et_pb_column][/et_pb_row][/et_pb_section]</p>

<p>[et_pb_breadcrumbs /] PRELEGENT JAROSŁAW TALERZAK VIZEPRÄSIDENT, GESCHÄFTSBEREICHE ATMOSPHÄRE, SECO/WARWICK S.A. Jaroslaw Talerzak begann seine Karriere im Management bei SECO/WARWICK S.A. bereits im Jahre 1998. Anfang 2011 wurde er als Präsident (Geschäftsführer) bei Elterma S.A. (später in SECO/WARWICK Thermal S.A. umbenannt und heute in der SECO/WARWICK Europe S.A., integriert) berufen und war in dieser Position bis [&hellip;]</p>
