{"id":49135,"date":"2017-05-24T11:04:06","date_gmt":"2017-05-24T09:04:06","guid":{"rendered":"http:\/\/www.secowarwick.com\/?page_id=49135\/"},"modified":"2025-02-23T10:56:47","modified_gmt":"2025-02-23T09:56:47","slug":"jaroslaw-talerzak","status":"publish","type":"page","link":"https:\/\/www.secowarwick.com\/pl\/informacje\/jaroslaw-talerzak\/","title":{"rendered":"Jaros\u0142aw Talerzak"},"content":{"rendered":"<p>[et_pb_section fb_built=&#8221;1&#8243; admin_label=&#8221;section&#8221; _builder_version=&#8221;4.16&#8243; custom_padding=&#8221;0px|||&#8221; transparent_background=&#8221;off&#8221; make_fullwidth=&#8221;off&#8221; use_custom_width=&#8221;off&#8221; width_unit=&#8221;on&#8221; global_colors_info=&#8221;{}&#8221;][et_pb_row admin_label=&#8221;row&#8221; _builder_version=&#8221;4.16&#8243; background_color=&#8221;#f8f8f8&#8243; background_size=&#8221;initial&#8221; background_position=&#8221;top_left&#8221; background_repeat=&#8221;repeat&#8221; custom_margin=&#8221;||45px|&#8221; custom_padding=&#8221;|||25px&#8221; make_fullwidth=&#8221;off&#8221; use_custom_width=&#8221;off&#8221; width_unit=&#8221;on&#8221; global_colors_info=&#8221;{}&#8221;][et_pb_column type=&#8221;4_4&#8243; _builder_version=&#8221;4.16&#8243; custom_padding=&#8221;|||&#8221; global_colors_info=&#8221;{}&#8221; custom_padding__hover=&#8221;|||&#8221;][et_pb_breadcrumbs _builder_version=&#8221;3.0.47&#8243; global_colors_info=&#8221;{}&#8221;][\/et_pb_breadcrumbs][et_pb_text _builder_version=&#8221;4.16&#8243; background_size=&#8221;initial&#8221; background_position=&#8221;top_left&#8221; background_repeat=&#8221;repeat&#8221; use_border_color=&#8221;off&#8221; border_color=&#8221;#ffffff&#8221; border_style=&#8221;solid&#8221; global_colors_info=&#8221;{}&#8221;]<\/p>\n<h1>PRELEGENT<\/h1>\n<h2><\/h2>\n<h3><\/h3>\n<p>[\/et_pb_text][\/et_pb_column][\/et_pb_row][et_pb_row admin_label=&#8221;row&#8221; _builder_version=&#8221;4.16&#8243; background_size=&#8221;initial&#8221; background_position=&#8221;top_left&#8221; background_repeat=&#8221;repeat&#8221; global_colors_info=&#8221;{}&#8221; column_structure=&#8221;1_3,2_3&#8243;][et_pb_column type=&#8221;1_3&#8243; _builder_version=&#8221;4.16&#8243; custom_padding=&#8221;|||&#8221; global_colors_info=&#8221;{}&#8221; custom_padding__hover=&#8221;|||&#8221;][et_pb_image src=&#8221;https:\/\/www.secowarwick.com\/wp-content\/uploads\/2017\/05\/talerzak-1.jpg&#8221; alt=&#8221;Jaros\u0142aw Talerzak&#8221; align_tablet=&#8221;center&#8221; align_last_edited=&#8221;on|desktop&#8221; admin_label=&#8221;Image&#8221; _builder_version=&#8221;4.16&#8243; animation_style=&#8221;slide&#8221; animation_direction=&#8221;left&#8221; animation_duration=&#8221;500ms&#8221; animation_intensity_slide=&#8221;10%&#8221; use_border_color=&#8221;off&#8221; global_colors_info=&#8221;{}&#8221; align_phone=&#8221;center&#8221;][\/et_pb_image][\/et_pb_column][et_pb_column type=&#8221;2_3&#8243; _builder_version=&#8221;4.16&#8243; custom_padding=&#8221;|||&#8221; global_colors_info=&#8221;{}&#8221; custom_padding__hover=&#8221;|||&#8221;][et_pb_text _builder_version=&#8221;4.16&#8243; background_size=&#8221;initial&#8221; background_position=&#8221;top_left&#8221; background_repeat=&#8221;repeat&#8221; use_border_color=&#8221;off&#8221; global_colors_info=&#8221;{}&#8221;]<\/p>\n<h2><span style=\"font-size: 14pt;\"><strong><span style=\"color: #dc291e;\">JAROS\u0141AW TALERZAK<\/span><\/strong><\/span><br \/>\n<span style=\"font-size: 14pt;\">WICEPREZES, SEGMENT PRODUKT\u00d3W THERMAL<\/span><\/h2>\n<p>Jaros\u0142aw Talerzak pracowa\u0142 w zespole zarz\u0105dzaj\u0105cym SECO\/WARWICK S.A. kiedy w roku 2003 SECO\/WARWICK naby\u0142a t\u0119 firm\u0119 i zmieni\u0142a jej nazw\u0119 na SECO\/WARWICK Thermal S.A.. Zdoby\u0142 do\u015bwiadczenie na r\u00f3\u017cnych stanowiskach kierowniczych w SECO\/WARWICK Thermal S.A. a nast\u0119pnie w roku 2010 zosta\u0142 awansowany na Dyrektora Naczelnego SECO\/WARWICK Thermal S.A.. Obecnie w odpowiedzi na potrzeby holdingu b\u0119dzie odpowiedzialny za Grup\u0119 Produkt\u00f3w Atmosferowych (ATM) jako Wiceprezes.<br \/>\n[\/et_pb_text][\/et_pb_column][\/et_pb_row][\/et_pb_section]<\/p>\n","protected":false},"excerpt":{"rendered":"<p>[et_pb_breadcrumbs _builder_version=&#8221;3.0.47&#8243; global_colors_info=&#8221;{}&#8221;][\/et_pb_breadcrumbs]PRELEGENT JAROS\u0141AW TALERZAK WICEPREZES, SEGMENT PRODUKT\u00d3W THERMAL Jaros\u0142aw Talerzak pracowa\u0142 w zespole zarz\u0105dzaj\u0105cym SECO\/WARWICK S.A. kiedy w roku 2003 SECO\/WARWICK naby\u0142a t\u0119 firm\u0119 i zmieni\u0142a jej nazw\u0119 na SECO\/WARWICK Thermal S.A.. Zdoby\u0142 do\u015bwiadczenie na r\u00f3\u017cnych stanowiskach kierowniczych w SECO\/WARWICK Thermal S.A. a nast\u0119pnie w roku 2010 zosta\u0142 awansowany na Dyrektora Naczelnego SECO\/WARWICK Thermal [&hellip;]<\/p>\n","protected":false},"author":2,"featured_media":0,"parent":7300,"menu_order":0,"comment_status":"closed","ping_status":"closed","template":"","meta":{"_acf_changed":false,"_et_pb_use_builder":"on","_et_pb_old_content":"","_et_gb_content_width":"","footnotes":""},"class_list":["post-49135","page","type-page","status-publish"],"acf":[],"_links":{"self":[{"href":"https:\/\/www.secowarwick.com\/pl\/wp-json\/wp\/v2\/pages\/49135","targetHints":{"allow":["GET"]}}],"collection":[{"href":"https:\/\/www.secowarwick.com\/pl\/wp-json\/wp\/v2\/pages"}],"about":[{"href":"https:\/\/www.secowarwick.com\/pl\/wp-json\/wp\/v2\/types\/page"}],"author":[{"embeddable":true,"href":"https:\/\/www.secowarwick.com\/pl\/wp-json\/wp\/v2\/users\/2"}],"replies":[{"embeddable":true,"href":"https:\/\/www.secowarwick.com\/pl\/wp-json\/wp\/v2\/comments?post=49135"}],"version-history":[{"count":1,"href":"https:\/\/www.secowarwick.com\/pl\/wp-json\/wp\/v2\/pages\/49135\/revisions"}],"predecessor-version":[{"id":172469,"href":"https:\/\/www.secowarwick.com\/pl\/wp-json\/wp\/v2\/pages\/49135\/revisions\/172469"}],"up":[{"embeddable":true,"href":"https:\/\/www.secowarwick.com\/pl\/wp-json\/wp\/v2\/pages\/7300"}],"wp:attachment":[{"href":"https:\/\/www.secowarwick.com\/pl\/wp-json\/wp\/v2\/media?parent=49135"}],"curies":[{"name":"wp","href":"https:\/\/api.w.org\/{rel}","templated":true}]}}

Jarosław Talerzak

<p>[et_pb_section fb_built=&#8221;1&#8243; admin_label=&#8221;section&#8221; _builder_version=&#8221;4.16&#8243; custom_padding=&#8221;0px|||&#8221; transparent_background=&#8221;off&#8221; make_fullwidth=&#8221;off&#8221; use_custom_width=&#8221;off&#8221; width_unit=&#8221;on&#8221; global_colors_info=&#8221;{}&#8221;][et_pb_row admin_label=&#8221;row&#8221; _builder_version=&#8221;4.16&#8243; background_color=&#8221;#f8f8f8&#8243; background_size=&#8221;initial&#8221; background_position=&#8221;top_left&#8221; background_repeat=&#8221;repeat&#8221; custom_margin=&#8221;||45px|&#8221; custom_padding=&#8221;|||25px&#8221; make_fullwidth=&#8221;off&#8221; use_custom_width=&#8221;off&#8221; width_unit=&#8221;on&#8221; global_colors_info=&#8221;{}&#8221;][et_pb_column type=&#8221;4_4&#8243; _builder_version=&#8221;4.16&#8243; custom_padding=&#8221;|||&#8221; global_colors_info=&#8221;{}&#8221; custom_padding__hover=&#8221;|||&#8221;][et_pb_breadcrumbs _builder_version=&#8221;3.0.47&#8243; global_colors_info=&#8221;{}&#8221;][/et_pb_breadcrumbs][et_pb_text _builder_version=&#8221;4.16&#8243; background_size=&#8221;initial&#8221; background_position=&#8221;top_left&#8221; background_repeat=&#8221;repeat&#8221; use_border_color=&#8221;off&#8221; border_color=&#8221;#ffffff&#8221; border_style=&#8221;solid&#8221; global_colors_info=&#8221;{}&#8221;]</p>
<h1>PRELEGENT</h1>
<h2></h2>
<h3></h3>
<p>[/et_pb_text][/et_pb_column][/et_pb_row][et_pb_row admin_label=&#8221;row&#8221; _builder_version=&#8221;4.16&#8243; background_size=&#8221;initial&#8221; background_position=&#8221;top_left&#8221; background_repeat=&#8221;repeat&#8221; global_colors_info=&#8221;{}&#8221; column_structure=&#8221;1_3,2_3&#8243;][et_pb_column type=&#8221;1_3&#8243; _builder_version=&#8221;4.16&#8243; custom_padding=&#8221;|||&#8221; global_colors_info=&#8221;{}&#8221; custom_padding__hover=&#8221;|||&#8221;][et_pb_image src=&#8221;https://www.secowarwick.com/wp-content/uploads/2017/05/talerzak-1.jpg&#8221; alt=&#8221;Jarosław Talerzak&#8221; align_tablet=&#8221;center&#8221; align_last_edited=&#8221;on|desktop&#8221; admin_label=&#8221;Image&#8221; _builder_version=&#8221;4.16&#8243; animation_style=&#8221;slide&#8221; animation_direction=&#8221;left&#8221; animation_duration=&#8221;500ms&#8221; animation_intensity_slide=&#8221;10%&#8221; use_border_color=&#8221;off&#8221; global_colors_info=&#8221;{}&#8221; align_phone=&#8221;center&#8221;][/et_pb_image][/et_pb_column][et_pb_column type=&#8221;2_3&#8243; _builder_version=&#8221;4.16&#8243; custom_padding=&#8221;|||&#8221; global_colors_info=&#8221;{}&#8221; custom_padding__hover=&#8221;|||&#8221;][et_pb_text _builder_version=&#8221;4.16&#8243; background_size=&#8221;initial&#8221; background_position=&#8221;top_left&#8221; background_repeat=&#8221;repeat&#8221; use_border_color=&#8221;off&#8221; global_colors_info=&#8221;{}&#8221;]</p>
<h2><span style="font-size: 14pt;"><strong><span style="color: #dc291e;">JAROSŁAW TALERZAK</span></strong></span><br />
<span style="font-size: 14pt;">WICEPREZES, SEGMENT PRODUKTÓW THERMAL</span></h2>
<p>Jarosław Talerzak pracował w zespole zarządzającym SECO/WARWICK S.A. kiedy w roku 2003 SECO/WARWICK nabyła tę firmę i zmieniła jej nazwę na SECO/WARWICK Thermal S.A.. Zdobył doświadczenie na różnych stanowiskach kierowniczych w SECO/WARWICK Thermal S.A. a następnie w roku 2010 został awansowany na Dyrektora Naczelnego SECO/WARWICK Thermal S.A.. Obecnie w odpowiedzi na potrzeby holdingu będzie odpowiedzialny za Grupę Produktów Atmosferowych (ATM) jako Wiceprezes.<br />
[/et_pb_text][/et_pb_column][/et_pb_row][/et_pb_section]</p>

<p>[et_pb_breadcrumbs _builder_version=&#8221;3.0.47&#8243; global_colors_info=&#8221;{}&#8221;][/et_pb_breadcrumbs]PRELEGENT JAROSŁAW TALERZAK WICEPREZES, SEGMENT PRODUKTÓW THERMAL Jarosław Talerzak pracował w zespole zarządzającym SECO/WARWICK S.A. kiedy w roku 2003 SECO/WARWICK nabyła tę firmę i zmieniła jej nazwę na SECO/WARWICK Thermal S.A.. Zdobył doświadczenie na różnych stanowiskach kierowniczych w SECO/WARWICK Thermal S.A. a następnie w roku 2010 został awansowany na Dyrektora Naczelnego SECO/WARWICK Thermal [&hellip;]</p>
